z) = 11651*z + 5312851. Determine q(-456).
-5
Let j(q) = -8*q**3 + 357*q**2 + 88*q + 1529. Give j(45).
-586
Let k(m) = -m**3 - 233*m**2 - 6097*m - 1429. Determine k(-203).
-8
Let j(g) = 54127*g + 162213. Calculate j(-3).
-168
Let y(i) = 3*i**3 + 25*i**2 - 85*i - 30. Give y(-10).
320
Let d(y) = 28*y**3 + 139*y**2 + 2202*y + 11014. Determine d(-5).
-21
Let q(w) = w**2 - 31*w + 303. What is q(18)?
69
Let q(z) = z**3 - 39*z**2 + 10*z - 352. Calculate q(39).
38
Let b(w) = -2897*w + 67383. Calculate b(23).
752
Let c(a) = -a**2 + 902*a + 339769. What is c(-286)?
1
Let w(b) = 9431*b - 94323. What is w(10)?
-13
Let w(o) = -11065*o + 641781. Calculate w(58).
11
Let y(o) = -o**2 + 76*o + 2795. What is y(99)?
518
Let f(y) = 3*y**3 - 303*y**2 - 1595*y + 533. What is f(106)?
3
Let g(l) = -29*l**2 + 178*l + 1613. What is g(-5)?
-2
Let t(g) = -g**3 + 16*g**2 - 70*g + 64. What is t(11)?
-101
Let q(s) = -2*s**3 + 8*s**2 + 1934*s + 58. Determine q(0).
58
Let t(n) = -n**3 - 11*n**2 - 39281*n - 471505. Calculate t(-12).
11
Let k(c) = -746*c**2 + 221523*c + 11586. Give k(297).
3
Let h(c) = 19*c**3 - 229*c**2 - 62*c + 894. Determine h(12).
6
Let v(g) = 33*g**2 + 18*g + 63. What is v(3)?
414
Let f(c) = 5926*c - 2512670. Give f(424).
-46
Let q(x) = 5*x**3 + 25*x**2 - 6068*x - 24351. Give q(-4).
1
Let l(w) = w**3 - 29*w**2 - 86*w - 65. Give l(32).
255
Let d(u) = 18*u**2 - 475*u + 822. Give d(25).
197
Let u(k) = k**3 - 111*k**2 - 829*k + 80263. Calculate u(112).
-41
Let q(w) = -6451*w + 2483456. Determine q(385).
-179
Let s(d) = 106*d - 5617. What is s(52)?
-105
Let c(i) = 3*i**2 + 1575*i + 4691. Give c(-3).
-7
Let h(t) = 123288*t - 6164405. Calculate h(50).
-5
Let i(s) = 46986*s - 2725185. Give i(58).
3
Let m(d) = -71*d**2 - 6599*d + 73074. Determine m(10).
-16
Let k(y) = -y**3 + 8*y**2 - 2*y - 134. Determine k(0).
-134
Let r(i) = i**2 - 109*i + 1026. Give r(12).
-138
Let b(m) = -m**3 - 42*m**2 + 1131*m - 924. Calculate b(18).
-6
Let l(s) = -20481*s - 1413195. What is l(-69)?
-6
Let b(s) = -4869*s + 1095499. Determine b(225).
-26
Let y(f) = -7*f**3 + 3152*f**2 - 19534*f - 887. Determine y(444).
1
Let j(u) = 690778*u - 4835440. Determine j(7).
6
Let w(y) = 132*y + 1246. Determine w(-11).
-206
Let p(z) = z**3 - 111*z**2 + 2*z - 69. Determine p(111).
153
Let h(q) = -q**2 - 203*q + 5308. Calculate h(23).
110
Let j(r) = -2*r**2 + 1304*r + 5242. Determine j(-4).
-6
Let x(o) = -5*o**2 - 346*o - 180. Give x(-70).
-460
Let m(a) = -14280*a - 399833. Give m(-28).
7
Let b(q) = q**2 - 318*q - 55969. Determine b(444).
-25
Let f(r) = -r**3 + 29*r**2 + 252*r - 2769. What is f(34)?
19
Let c(k) = 13*k**2 - 336*k - 7251. Calculate c(-14).
1
Let m(x) = -x**2 - 396*x - 15126. Determine m(-45).
669
Let k(o) = o**3 + 2*o**2 + 6500*o - 13. What is k(0)?
-13
Let a(z) = -2744840*z - 8234528. Calculate a(-3).
-8
Let i(v) = 14631*v + 380427. Calculate i(-26).
21
Let j(k) = -k**3 - 22*k**2 + 1436*k - 1014. Give j(28).
-6
Let k(a) = 3*a**3 + 18*a**2 + 86*a + 218. Calculate k(-4).
-30
Let j(m) = 1737*m - 135499. Calculate j(78).
-13
Let o(u) = -11624*u**2 + 802062*u - 415. Determine o(69).
-1
Let q(w) = -30*w - 1943. What is q(-90)?
757
Let q(o) = 28*o**2 + 127*o - 36. What is q(-8)?
740
Let y(k) = 132885*k - 3986596. What is y(30)?
-46
Let l(j) = 2*j**3 - j**2 - 223*j + 1812. Determine l(-13).
148
Let a(v) = -5*v**3 - 122*v**2 + 655*v + 27. Calculate a(-29).
375
Let p(x) = -2*x**3 + 45*x**2 - 217*x + 33. Calculate p(14).
327
Let k(j) = -33*j**2 - 621*j - 482. Determine k(-18).
4
Let q(o) = 8*o**2 + 560*o + 17. What is q(-70)?
17
Let i(x) = -2*x**3 + 24*x**2 - 158*x + 2369. What is i(12)?
473
Let x(p) = -p**3 - 3919*p**2 + 19622*p + 10. What is x(5)?
20
Let d(n) = -n**3 + 92*n**2 - 1448*n + 522. Give d(72).
-54
Let t(f) = f**2 + 51*f - 277. Give t(-32).
-885
Let n(k) = 224*k**2 - 594*k + 10. Calculate n(4).
1218
Let m(g) = -305*g**2 + 1562*g - 176. Determine m(5).
9
Let b(g) = 2*g**2 + 5292*g - 319054. Give b(59).
136
Let z(d) = 3*d**2 - 689546*d - 2758208. Give z(-4).
24
Let m(h) = 461*h - 11770. What is m(24)?
-706
Let c(p) = -30152*p - 271142. Give c(-9).
226
Let w(i) = 3*i**3 - 311*i**2 - 111*i - 198. What is w(104)?
-926
Let g(m) = -208*m - 49. Determine g(0).
-49
Let t(k) = -2885*k - 325995. Determine t(-113).
10
Let c(i) = i**3 - 250*i**2 - 1798*i - 686. Give c(257).
-429
Let x(p) = -10577*p - 1470189. What is x(-139)?
14
Let s(y) = -y**3 + 30*y**2 + 23*y + 300. Give s(31).
52
Let z(r) = -63*r**2 + 843*r + 187. Determine z(13).
499
Let n(b) = b**3 + 522*b**2 - 2113*b - 4738. Determine n(-526).
-4
Let y(j) = -4280*j + 235425. Calculate y(55).
25
Let m(u) = 10095*u + 625831. What is m(-62)?
-59
Let s(k) = 71*k**2 - 766*k + 633. Determine s(10).
73
Let n(x) = -41*x + 2292. Give n(64).
-332
Let v(l) = -11381*l + 3562237. Calculate v(313).
-16
Let i(d) = -d**3 + 166*d**2 - 1452*d + 6130. What is i(157)?
7
Let p(y) = y**3 - 145*y**2 + 1220*y - 962. Calculate p(136).
-1506
Let s(y) = 63*y**3 - 4*y**2 - 4692*y + 4696. Determine s(1).
63
Let y(f) = 14382*f + 86288. Determine y(-6).
-4
Let z(f) = -67867*f - 542961. What is z(-8)?
-25
Let g(m) = 39*m + 68. Calculate g(-14).
-478
Let c(p) = -801943*p - 8821364. What is c(-11)?
9
Let r(l) = 36*l**2 - 1004*l - 4001. What is r(-4)?
591
Let t(f) = -59*f**2 - 120*f - 697. What is t(-5)?
-1572
Let g(b) = 764*b**2 - 22154*b - 59. What is g(29)?
-1
Let u(r) = 257*r**2 + 444*r + 882. Determine u(-2).
1022
Let s(l) = 3*l**2 + 3190*l - 25698. Determine s(8).
14
Let g(l) = -l**3 - 8*l**2 - 21659*l + 108617. Determine g(5).
-3
Let q(j) = j**3 - 6*j**2 - 5329*j + 263. Calculate q(76).
-421
Let v(y) = 309*y - 1020. Give v(0).
-1020
Let r(b) = -b**2 - 1167*b - 335066. Determine r(-510).
4
Let a(i) = 5*i**2 + 2778*i + 7161. Calculate a(-553).
-28
Let z(r) = r**3 + 16*r**2 - 19078*r - 286394. Determine z(-15).
1
Let l(c) = c**2 - 155*c - 31487. Determine l(-116).
-51
Let i(l) = 597*l + 7512. What is i(-15)?
-1443
Let i(q) = 20*q**2 + 165*q + 1481. Determine i(0).
1481
Let j(t) = -t**3 + 6*t**2 + 1703*t - 15126. What is j(9)?
-42
Let j(q) = q**2 + 112*q + 2736. Give j(-77).
41
Let o(z) = 20*z**2 + 8430*z - 77487. Give o(9).
3
Let z(u) = -8*u**2 - 11984*u - 107184. Give z(-9).
24
Let l(u) = 9*u**2 - 429*u + 4905. Give l(19).
3
Let s(k) = 25510*k + 663247. What is s(-26)?
-13
Let h(l) = -114*l**3 + 6*l**2 - 12*l - 22. What is h(-1)?
110
Let g(r) = -366385*r - 366391. Give g(-1).
-6
Let n(m) = 10*m**3 - 126*m**2 + 309*m - 57. Give n(3).
6
Let m(u) = -20512*u + 471771. Give m(23).
-5
Let f(y) = y**2 + 4992*y + 3174518. What is f(-748)?
6
Let x(y) = y**2 + 153*y - 72244. Calculate x(203).
24
Let h(d) = 10*d**3 + 12*d**2 - 530*d - 1073. Determine h(-2).
-45
Let y(a) = -1502*a - 4163. What is y(-2)?
-1159
Let x(a) = 3*a**2 - 652*a + 5146. Calculate x(209).
-79
Let t(p) = -p**3 + 982*p**2 + 18038*p + 678. Calculate t(-18).
-6
Let y(g) = -g**2 + 3064*g - 794613. Calculate y(286).
-105
Let g(a) = a**3 - 88*a**2 + 550*a + 1456. Calculate g(81).
79
Let d(a) = -231*a - 4590. Calculate d(-23).
723
Let d(g) = -g**3 + 63*g**2 - 174*g + 10939. Give d(63).
-23
Let p(h) = 67*h**3 + 3*h**2 + 2178*h - 6551. Determine p(3).
1819
Let r(s) = -s**2 + 249703*s - 1498267. What is r(6)?
-85
Let g(y) = -204753*y - 1842654. What is g(-9)?
123
Let d(u) = -9666*u + 1043923. Determine d(108).
-5
Let z(d) = -2029*d + 2578857. Determine z(1271).
-2
Let d(q) = -206*q**2 - 913*q - 596. Determine d(-3).
289
Let t(c) = 25*c**3 + 166*c**2 - 65*c - 39. Calculate t(-7).
-25
Let n(x) = 52*x**2 + 138*x + 103. Give n(-4).
383
Let b(v) = v**3 - 18*v**2 + 29728*v - 595373. Calculate b(20).
-13
Let w(s) = -24278*s - 145507. Determine w(-6).
161
Let o(d) = -3*d**3 + 265*d**2 + 1596*d + 87. What is o(94)?
-101
Let n(h) = -11*h**2 - 418*h - 269. Give n(-37).
138
Let s(q) = 32*q + 1946. What is s(-33)?
890
Let a(c) = -53730*c + 644758. Give a(12).
-2
Let p(l) = -15*l**3 + 194*l**2 - 163*l - 40. Give p(12).
20
Let l(i) = i**2 - 5918*i + 100332. Calculate l(17).
15
Let t(h) = 133*h - 114. Calculate t(-3).
-513
Let r(k) = k**3 + 8*k**2 - 564*k + 23. Determine r(20).
-57
Let z(f) = 164*f - 3708. Calculate z(28).
884
Let z(m) = m**3 + 186*m**2 + 882*m - 4138. Calculate z(-181).
25
Let j(n) = -n**3 - 70*n**2 - 742*n + 10096.